ctor of 29092 and 42?
14
What is the greatest common factor of 3070 and 179288?
614
Calculate the highest common divisor of 21373 and 261.
29
What is the highest common factor of 188001 and 2079?
297
Calculate the highest common divisor of 133 and 15979.
19
What is the highest common divisor of 6422 and 76?
38
Calculate the highest common factor of 933 and 6037754.
311
Calculate the highest common factor of 18872 and 70.
14
Calculate the highest common divisor of 9 and 7185.
3
What is the highest common factor of 253736 and 184?
184
What is the highest common divisor of 35535 and 5865?
345
What is the greatest common factor of 46 and 56442?
46
What is the greatest common factor of 27335 and 70?
35
What is the greatest common factor of 24 and 249054?
6
What is the highest common factor of 253 and 5599902?
253
Calculate the highest common divisor of 736331 and 61.
61
What is the highest common factor of 14 and 41279?
7
What is the highest common divisor of 1534324 and 11?
11
What is the highest common divisor of 25576 and 4600?
184
Calculate the highest common divisor of 45300 and 100.
100
Calculate the greatest common divisor of 1752059 and 317.
317
Calculate the greatest common divisor of 33 and 145596.
33
Calculate the highest common divisor of 86 and 314287.
43
What is the highest common factor of 4 and 8248?
4
Calculate the greatest common divisor of 98 and 341698.
14
What is the greatest common divisor of 72 and 76761?
9
What is the highest common factor of 112 and 11264?
16
Calculate the highest common divisor of 466 and 4267162.
466
Calculate the greatest common factor of 11832 and 15096.
408
Calculate the highest common factor of 537 and 3.
3
What is the highest common factor of 36950 and 100?
50
What is the highest common divisor of 466 and 3029?
233
What is the greatest common factor of 8003 and 139337?
53
Calculate the highest common factor of 141502 and 1390.
278
What is the greatest common divisor of 8987 and 760?
19
What is the highest common factor of 64112 and 32?
16
Calculate the greatest common divisor of 6852 and 336.
12
What is the highest common divisor of 540270 and 360?
90
Calculate the highest common factor of 8570 and 2.
2
What is the highest common factor of 13135 and 7400?
185
Calculate the highest common divisor of 150 and 2202450.
150
What is the greatest common factor of 840566 and 518?
74
Calculate the greatest common divisor of 16 and 172456.
8
What is the greatest common divisor of 448 and 6244?
28
What is the highest common divisor of 500 and 13225?
25
Calculate the highest common factor of 2804 and 1994.
2
What is the greatest common divisor of 1285 and 185?
5
What is the highest common divisor of 164556 and 441?
63
What is the highest common factor of 575134 and 63?
7
What is the highest common factor of 13355503 and 553?
553
What is the greatest common factor of 98842 and 146?
146
Calculate the highest common divisor of 7003 and 3427.
149
Calculate the greatest common divisor of 511808 and 4224.
704
Calculate the highest common divisor of 9 and 61776.
9
What is the greatest common factor of 169 and 166127?
169
Calculate the greatest common divisor of 22473 and 44.
11
What is the greatest common factor of 65255 and 620?
155
Calculate the greatest common divisor of 476 and 1088.
68
Calculate the greatest common factor of 113 and 1018469.
113
What is the greatest common factor of 30221 and 141?
47
Calculate the greatest common divisor of 28005 and 2415.
15
Calculate the greatest common divisor of 127539 and 27.
9
Calculate the highest common divisor of 187 and 860970.
11
What is the highest common factor of 62600 and 2200?
200
Calculate the highest common divisor of 7334 and 1009004.
386
Calculate the highest common factor of 840 and 12840.
120
What is the highest common divisor of 324 and 103788?
108
What is the greatest common divisor of 2511960 and 55?
55
What is the greatest common factor of 56424 and 24?
24
What is the highest common divisor of 87 and 988233?
87
Calculate the highest common factor of 74576 and 48.
16
Calculate the greatest common factor of 57196 and 905.
181
Calculate the greatest common divisor of 416 and 202592.
416
What is the greatest common divisor of 4 and 1309108?
4
Calculate the highest common factor of 5457 and 9690.
51
What is the greatest common factor of 67196 and 11128?
428
Calculate the highest common divisor of 25 and 107800.
25
What is the highest common factor of 11280 and 44039?
47
Calculate the highest common factor of 118746 and 5184.
162
Calculate the greatest common divisor of 92379 and 18.
3
What is the greatest common factor of 282 and 1812?
6
Calculate the highest common divisor of 8194231 and 303.
101
Calculate the greatest common divisor of 53265 and 30.
15
What is the greatest common factor of 322712 and 58?
58
Calculate the highest common factor of 240649 and 46.
23
What is the greatest common factor of 2673710 and 524?
262
Calculate the greatest common divisor of 138572 and 63428.
404
What is the greatest common factor of 10905 and 285?
15
What is the greatest common divisor of 45080 and 5320?
280
Calculate the highest common divisor of 34887 and 58.
29
Calculate the highest common factor of 3738385 and 2074.
1037
What is the highest common divisor of 1090 and 5120?
10
Calculate the greatest common factor of 22145 and 23435.
215
What is the greatest common divisor of 8 and 179276?
4
Calculate the greatest common factor of 3496 and 34523.
437
What is the highest common divisor of 108 and 2325132?
108
Calculate the highest common divisor of 5929 and 637.
49
What is the highest common factor of 3726 and 1426?
46
Calculate the greatest common factor of 848547 and 63.
63
What is the greatest common factor of 190 and 24434?
38
What is the highest common divisor of 142 and 245944?
142
What is the greatest common factor of 205242 and 869?
79
What is the greatest common divisor of 3829 and 26201?
7
What is the highest common divisor of 143389 and 223?
223
What is the greatest common divisor of 828 and 28612?
92
Calculate the highest common factor of 2460 and 13161.
123
What is the highest common divisor of 63 and 192129?
21
What is the greatest common divisor of 27 and 34698?
3
Calculate the highest common factor of 28704 and 32.
32
Calculate the greatest common factor of 693740 and 20.
20
Calculate the highest common factor of 22536 and 38186.
626
What is the highest common divisor of 3285 and 315?
45
What is the highest common factor of 32956 and 826?
14
Calculate the highest common divisor of 705699 and 886.
443
What is the greatest common divisor of 665115 and 58?
29
What is the greatest common factor of 4961 and 2501?
41
Calculate the highest common factor of 753 and 5300367.
753
What is the highest common divisor of 426608 and 9828?
364
What is the greatest common factor of 33 and 693627?
33
Calculate the greatest common divisor of 1245 and 14565.
15
Calculate the highest common divisor of 5800 and 28507.
29
Calculate the highest common divisor of 7031 and 3471.
89
Calculate the greatest common factor of 883 and 6584531.
883
Calculate the highest common divisor of 1760 and 580745.
55
What is the highest common factor of 40495 and 5915?
455
What is the highest common divisor of 46 and 14582?
46
What is the greatest common divisor of 60287 and 361?
361
What is the highest common factor of 322 and 591859?
23
Calculate the highest common factor of 1524 and 696.
12
Calculate the greatest common factor of 972 and 5148.
36
Calculate the highest common factor of 80830 and 28770.
1370
Calculate the greatest common factor of 268205 and 1659.
553
What is the greatest common factor of 3 and 2505?
3
What is the greatest common factor of 780 and 1974180?
780
What is the highest common factor of 221 and 10933?
13
What is the greatest common factor of 199 and 218?
1
What is the greatest common factor of 17628 and 2373?
339
Calculate the greatest common divisor of 24 and 46356.
12
Calculate the greatest common factor of 42586 and 428.
214
What is the greatest common factor of 7434 and 522?
18
Calculate the highest common factor of 3 and 7489.
1
Calculate the highest common factor of 774353 and 149.
149
Calculate the greatest common divisor of 348 and 5452.
116
What is the gr